{"id":79,"date":"2022-11-09T20:17:53","date_gmt":"2022-11-09T20:17:53","guid":{"rendered":"https:\/\/talouspalveluthe.fi\/?page_id=79"},"modified":"2024-11-26T05:26:26","modified_gmt":"2024-11-26T05:26:26","slug":"palvelut","status":"publish","type":"page","link":"https:\/\/talouspalveluthe.fi\/index.php\/palvelut\/","title":{"rendered":"Palvelut"},"content":{"rendered":"\n<h2 class=\"has-text-align-center has-system-font-font-family has-x-large-font-size\" style=\"font-style:normal;font-weight:700\">Tutustu taloushallinnon palveluihimme<\/h2>\n\n\n\n<div style=\"height:5px\" aria-hidden=\"true\" class=\"wp-block-spacer\"><\/div>\n\n\n\n<div class=\"is-layout-flex wp-container-9 wp-block-columns palvelut\">\n<div class=\"is-layout-flow wp-block-column\">\n<div class=\"is-layout-constrained wp-block-group\">\n<figure class=\"wp-block-image aligncenter size-full is-resized\"><img decoding=\"async\" loading=\"lazy\" src=\"https:\/\/talouspalveluthe.fi\/wp-content\/uploads\/2022\/11\/palvelut_1_kirjanpito.png\" alt=\"\" class=\"wp-image-157\" width=\"173\" height=\"183\"\/><\/figure>\n<\/div>\n\n\n\n<h4 class=\"has-text-align-center has-system-font-font-family has-medium-font-size\" style=\"font-style:normal;font-weight:700\">Kirjanpito<\/h4>\n\n\n\n<p class=\"has-text-align-center\">Autamme niin juoksevien kuin erin\u00e4isten tapahtumien kirjausk\u00e4sittelyss\u00e4.<\/p>\n<\/div>\n\n\n\n<div class=\"is-layout-flow wp-block-column\">\n<div class=\"is-layout-constrained wp-block-group\">\n<figure class=\"wp-block-image aligncenter size-full is-resized\"><img decoding=\"async\" loading=\"lazy\" src=\"https:\/\/talouspalveluthe.fi\/wp-content\/uploads\/2022\/11\/palvelut_2_tilintarkastus.png\" alt=\"\" class=\"wp-image-158\" width=\"199\" height=\"185\"\/><\/figure>\n\n\n\n<h4 class=\"has-text-align-center has-system-font-font-family has-medium-font-size\" style=\"font-style:normal;font-weight:700\">Tilintarkastus<\/h4>\n<\/div>\n\n\n\n<p class=\"has-text-align-center\">Tilintarkastajan tarpeisiin yrityksell\u00e4 on monia lakis\u00e4\u00e4teisi\u00e4 kuukausi- ja vuosiraportteja, joiden t\u00e4ytt\u00e4misess\u00e4 HE-tiimimme voi auttaa.<\/p>\n<\/div>\n\n\n\n<div class=\"is-layout-flow wp-block-column\">\n<div class=\"is-layout-constrained wp-block-group\">\n<figure class=\"wp-block-image aligncenter size-full is-resized\"><img decoding=\"async\" loading=\"lazy\" src=\"https:\/\/talouspalveluthe.fi\/wp-content\/uploads\/2022\/11\/palvelut_3_palkanlaskenta.png\" alt=\"\" class=\"wp-image-159\" width=\"199\" height=\"183\"\/><\/figure>\n\n\n\n<h4 class=\"has-text-align-center has-system-font-font-family has-medium-font-size\" style=\"font-style:normal;font-weight:700\">Palkanlaskenta<\/h4>\n<\/div>\n\n\n\n<p class=\"has-text-align-center\">Laskemme ty\u00f6ntekij\u00f6iden palkat puolestasi. Palkkalaskelman lis\u00e4ksi voimme hoitaa tilinauhan l\u00e4hett\u00e4misen ja viranomaisilmoitukset.<\/p>\n<\/div>\n\n\n\n<div class=\"is-layout-flow wp-block-column\">\n<div class=\"is-layout-constrained wp-block-group\">\n<figure class=\"wp-block-image aligncenter size-full is-resized\"><img decoding=\"async\" loading=\"lazy\" src=\"https:\/\/talouspalveluthe.fi\/wp-content\/uploads\/2022\/11\/palvelut_4_sisainen_laskenta.png\" alt=\"\" class=\"wp-image-160\" width=\"199\" height=\"184\"\/><\/figure>\n\n\n\n<h4 class=\"has-text-align-center has-system-font-font-family has-medium-font-size\" style=\"font-style:normal;font-weight:700\">Sis\u00e4inen laskenta<\/h4>\n<\/div>\n\n\n\n<p class=\"has-text-align-center\">Huolellinen taloudellinen suunnittelu liiketoiminnassa on kriittist\u00e4. Tarpeen mukaan olemme tukena t\u00e4ss\u00e4 toiminnossa.<\/p>\n<\/div>\n<\/div>\n\n\n\n<div style=\"height:100px\" aria-hidden=\"true\" class=\"wp-block-spacer\"><\/div>\n\n\n\n<div class=\"is-layout-constrained wp-block-group\">\n<div class=\"is-layout-constrained wp-block-group alignfull stock-tausta-2\">\n<div style=\"height:10px\" aria-hidden=\"true\" class=\"wp-block-spacer\"><\/div>\n\n\n\n<h2 class=\"has-text-align-center has-system-font-font-family has-x-large-font-size\" style=\"font-style:normal;font-weight:700\">Palvelumme hinnasto<\/h2>\n\n\n\n<div style=\"height:10px\" aria-hidden=\"true\" class=\"wp-block-spacer\"><\/div>\n\n\n\n<div class=\"is-layout-flex wp-container-14 wp-block-columns alignwide\" style=\"border-style:none;border-width:0px;padding-top:0;padding-right:0;padding-bottom:0;padding-left:0\">\n<div class=\"is-layout-flow wp-block-column pyorea\" style=\"border-style:none;border-width:0px;padding-top:var(--wp--preset--spacing--80);padding-right:var(--wp--preset--spacing--80);padding-bottom:var(--wp--preset--spacing--80);padding-left:var(--wp--preset--spacing--80)\">\n<div class=\"is-layout-constrained wp-block-group\">\n<h2 class=\"viher has-system-font-font-family has-large-font-size\" style=\"font-style:normal;font-weight:700\">Kirjanpitopalvelut<\/h2>\n\n\n\n<p>ProCountorin kautta valittu tuotepaketti. Heid\u00e4n hinnaston mukaan.<\/p>\n\n\n\n<h2 class=\"has-system-font-font-family has-x-large-font-size\" style=\"font-style:normal;font-weight:700\"><\/h2>\n<\/div>\n<\/div>\n\n\n\n<div class=\"is-layout-flow wp-block-column\" style=\"flex-basis:10px\"><\/div>\n\n\n\n<div class=\"is-layout-flow wp-block-column pyorea\" style=\"padding-top:var(--wp--preset--spacing--80);padding-right:var(--wp--preset--spacing--80);padding-bottom:var(--wp--preset--spacing--80);padding-left:var(--wp--preset--spacing--80)\">\n<h2 class=\"viher has-system-font-font-family has-large-font-size\" style=\"font-style:normal;font-weight:700\">Kirjanpitopalvelut<\/h2>\n\n\n\n<p>Meid\u00e4n hintamme on 40 \u20ac \/ tunti + ALV 25,5%.<\/p>\n\n\n\n<h2 class=\"has-system-font-font-family has-x-large-font-size\" style=\"font-style:normal;font-weight:700\">40 \u20ac \/tunti <sub>(+ALV)<\/sub><\/h2>\n\n\n\n<p>Hinta 1.1.2025 alkaen 45 \u20ac  \/ tunti (+ ALV)<\/p>\n<\/div>\n<\/div>\n\n\n\n<div style=\"height:100px\" aria-hidden=\"true\" class=\"wp-block-spacer\"><\/div>\n<\/div>\n<\/div>\n\n\n\n<div style=\"height:50px\" aria-hidden=\"true\" class=\"wp-block-spacer\"><\/div>\n","protected":false},"excerpt":{"rendered":"<p>Tutustu taloushallinnon palveluihimme Kirjanpito Autamme niin juoksevien kuin erin\u00e4isten tapahtumien kirjausk\u00e4sittelyss\u00e4. Tilintarkastus Tilintarkastajan tarpeisiin yrityksell\u00e4 on monia lakis\u00e4\u00e4teisi\u00e4 kuukausi- ja vuosiraportteja, joiden t\u00e4ytt\u00e4misess\u00e4 HE-tiimimme voi auttaa. Palkanlaskenta Laskemme ty\u00f6ntekij\u00f6iden palkat puolestasi. Palkkalaskelman lis\u00e4ksi voimme hoitaa tilinauhan l\u00e4hett\u00e4misen ja viranomaisilmoitukset. Sis\u00e4inen laskenta Huolellinen taloudellinen suunnittelu liiketoiminnassa on kriittist\u00e4. Tarpeen mukaan olemme tukena t\u00e4ss\u00e4 toiminnossa. Palvelumme hinnasto [&hellip;]<\/p>\n","protected":false},"author":1,"featured_media":0,"parent":0,"menu_order":0,"comment_status":"closed","ping_status":"closed","template":"","meta":[],"_links":{"self":[{"href":"https:\/\/talouspalveluthe.fi\/index.php\/wp-json\/wp\/v2\/pages\/79"}],"collection":[{"href":"https:\/\/talouspalveluthe.fi\/index.php\/wp-json\/wp\/v2\/pages"}],"about":[{"href":"https:\/\/talouspalveluthe.fi\/index.php\/wp-json\/wp\/v2\/types\/page"}],"author":[{"embeddable":true,"href":"https:\/\/talouspalveluthe.fi\/index.php\/wp-json\/wp\/v2\/users\/1"}],"replies":[{"embeddable":true,"href":"https:\/\/talouspalveluthe.fi\/index.php\/wp-json\/wp\/v2\/comments?post=79"}],"version-history":[{"count":77,"href":"https:\/\/talouspalveluthe.fi\/index.php\/wp-json\/wp\/v2\/pages\/79\/revisions"}],"predecessor-version":[{"id":667,"href":"https:\/\/talouspalveluthe.fi\/index.php\/wp-json\/wp\/v2\/pages\/79\/revisions\/667"}],"wp:attachment":[{"href":"https:\/\/talouspalveluthe.fi\/index.php\/wp-json\/wp\/v2\/media?parent=79"}],"curies":[{"name":"wp","href":"https:\/\/api.w.org\/{rel}","templated":true}]}}